f m(-3)?
3
Suppose -141 - 153 = -3*g. Suppose -3*f - 3*r = -40 - g, 2*r = 5*f - 223. What is the tens digit of f?
4
Let b(s) = 202*s**2 + 9*s + 14. What is the tens digit of b(-2)?
0
Let f = -29 - -21. Let z(g) = g - 1. Let q(j) = -8*j - 1. Let s(t) = q(t) + 6*z(t). What is the units digit of s(f)?
9
Suppose -174 = -4*f + 3*x, 2*x + 90 = 2*f - x. Suppose 4*k = 11*k + f. What is the units digit of ((-8)/24)/(2/k)?
1
Let p(c) = c**2 - 29*c + 25. Let d be p(28). Let z(j) = 2*j**2 + 4. What is the units digit of z(d)?
2
Let k(d) = -4*d**2 - 2*d + 11. Let i be k(-8). Let a = 370 + i. What is the tens digit of a?
4
Let j(v) = v**2 + 13*v - 7. Let m be j(-7). Let b = m + 68. What is the units digit of b?
9
Let p(v) be the first derivative of v**4/4 - 17*v**3/3 - 5*v**2 - 17*v - 34. What is the hundreds digit of p(18)?
1
Let u(d) = -3*d - 6. Let w be u(-6). Suppose -w*n - 188 = -16*n. What is the units digit of n?
7
Suppose 13 = 5*z - 47. Suppose 4*h - z = -d, 0 = 2*h - h - 2*d + 6. Suppose -h*y = -0*y - 110. What is the units digit of y?
5
Let i(d) = -d**3 + 20*d**2 + d - 14. Let q be i(20). Suppose q*k = 4*k + 406. What is the hundreds digit of k?
2
Let x be (28/(-49))/(2/(-7)) + -8. What is the tens digit of x/27 + (-2236)/(-18)?
2
Let o(i) be the second derivative of -4*i**3/3 + 6*i. What is the units digit of o(-2)?
6
Let y = -811 + 968. What is the units digit of y?
7
What is the tens digit of (-4)/14 + (-274229)/(-161)?
0
Let r be (-5)/(-2) + (-2)/(-4). Let b be (2/r)/(11/33). Suppose -5*s + b*d + 61 = 0, 0*d + 11 = s - d. What is the tens digit of s?
1
Let f be 0 - (4 + -2) - 42. Suppose 5*i = -34*i - 2574. Let s = f - i. What is the units digit of s?
2
Suppose -3 = t - 2*t. Suppose -t*r + 6*r + 78 = 0. What is the units digit of 6/(-39) - 524/r?
0
Suppose 2722 = 3*z + f + 372, -f = 5*z - 3920. What is the hundreds digit of z?
7
Let k = -45 + 55. What is the units digit of 214*(3 - k/4)?
7
Let x(n) = -n**2 + 17*n - 20. Let k be x(15). Let o(y) = -2 - 1 + 3 + k*y. What is the tens digit of o(2)?
2
Let a(m) = -512*m + 124. What is the tens digit of a(-3)?
6
What is the units digit of (-4749524)/(-1341) - (-4)/18?
2
Suppose 5*d = -f + 26 + 73, 408 = 5*f - 4*d. What is the units digit of f?
4
What is the hundreds digit of (-13)/78*8622/(-2)*2?
4
Let r be 0/(-5 + (-12)/(-4)). Suppose 3*i + i - 84 = -x, r = -i + 4. Suppose x + 22 = 3*t. What is the units digit of t?
0
Let d(o) = 3*o**2 + 38*o. What is the hundreds digit of d(-16)?
1
Let h = -483 + 948. What is the units digit of h?
5
Let t = 9 - -8. Let d = t - -19. What is the units digit of d?
6
Suppose -q + 7*q = 12. Suppose 0*v - 13 = -q*v - 5*t, 5*t - 17 = -3*v. What is the units digit of v?
4
Suppose -617 = -2*w + k, 5*w + 0*k - 3*k - 1540 = 0. What is the tens digit of w?
1
Let n = 1587 + -682. What is the hundreds digit of n?
9
Suppose -y - s + 5 = 0, 0 = 4*y - 2*y - s + 5. Let b be -3 + y + 5 + 0. Suppose 4*h - 68 = -b*o, 3*h - 93 = -3*o - 0*h. What is the units digit of o?
8
Let p = 262 + -154. Let t = p + -56. What is the tens digit of t?
5
Let n(h) = 10*h**3 - 4*h**2 + 3. Let q be n(1). Suppose -4*f - 690 = -q*f. What is the hundreds digit of f?
1
Let q be (16/(-24))/((-1)/3). Suppose 2*x = -5*j - 0*x + 373, -q*j + x + 142 = 0. What is the tens digit of j?
7
Suppose z - 3*n - 1198 = -n, 3*z = -n + 3629. What is the tens digit of z?
0
Let m(p) = -20*p + 0 - 6 - p**2 + 1. What is the units digit of m(-11)?
4
Let z be (0/(-2))/((-12)/4 + 4). Suppose -3*l + z*l + 99 = 0. What is the units digit of l?
3
Suppose -3*x - 4 = -1, -2*x = l - 224. What is the tens digit of l?
2
Let r(f) = -f**2 + 10*f - 17. Let i be r(7). Suppose 12*s - 376 = i*s. What is the tens digit of s?
4
Let x = 162 + -16. Let w = -85 + x. What is the units digit of w?
1
Suppose -3*m = -5*k + 1596, -4*m = 5*k - m - 1614. Let u(r) = -21*r**3 - 2*r**2 + 1. Let x be u(-1). What is the tens digit of 5/x + k/12?
2
Let z(x) = x**3 + 3*x**2. Let c be z(-3). Suppose 0*u + 4*u - 20 = c, i - 59 = 3*u. What is the tens digit of i?
7
Suppose 22*f = 17*f + 5. What is the hundreds digit of (6 - f)*(-129)/(-5)?
1
Let l = 390 + -143. What is the hundreds digit of l?
2
Let a(j) = j**2 - 25*j + 64. What is the hundreds digit of a(52)?
4
Let v be (-2)/13 - 14/(-91). Suppose -t + 176 + 86 = v. What is the hundreds digit of t?
2
Let i(h) = -39*h + 1027. What is the units digit of i(13)?
0
Let b be -1 + ((-4)/(-4) - -1). Suppose 5*w + 4 = -5*a - b, -2*a = w. Let i = w + 27. What is the units digit of i?
5
Let d = -1065 - -1530. What is the units digit of d?
5
Suppose 7*u = 4*u + 21. Let a(r) = r**2 - 3*r - 1. What is the tens digit of a(u)?
2
Let o be 4/5*(7 - (-5467)/14). Suppose -4*d + o = -490. What is the tens digit of d?
0
Let j(h) be the third derivative of 5*h**2 + 1/12*h**5 - 1/6*h**3 + 0*h - 1/6*h**4 + 0 + 1/120*h**6. What is the tens digit of j(-4)?
3
What is the tens digit of (3 - 2642/(-10)) + (-12)/60?
6
Suppose -3*c + 1866 = 3*f - 9*c, 2*c = 8. What is the tens digit of f?
3
What is the tens digit of 7/(21/(-612))*1716/(-176)?
8
Let u(j) = 10*j - 2. Let b(q) = -5*q + 1. Suppose 22 = -5*g - 13. Let x(a) = g*b(a) - 3*u(a). What is the units digit of x(1)?
4
Suppose 2*h = 6*h - 320. Suppose 0 = -2*k + 44 + h. Suppose 4*v - k = 50. What is the tens digit of v?
2
Let z = -240 + 132. Let x be 18*(z/8)/3. What is the tens digit of (-4)/2 + x/(-3)?
2
What is the thousands digit of (16 + -1 - 4) + -5 + 6035?
6
Let k(m) = m**3 - 19*m**2 + m - 25. Let r be k(19). Let t(v) = -30*v + 26. What is the hundreds digit of t(r)?
2
Let t = -1 + 1. Let m(b) = 3*b + 0 + t*b - 10 - 2. What is the units digit of m(8)?
2
Let l(a) = -a**3 - 7*a**2 - a - 4. Let o be l(-5). Let f = -14 - o. What is the units digit of f?
5
Let v be 0 - (-1 - -2)*-3. Suppose s - v*s = 2*f - 426, -2*s + 432 = 5*f. Suppose -6*n + s = -161. What is the tens digit of n?
6
Let s(g) = 4*g + 6. Let b be s(-2). Let k(w) = 24*w - 3. Let p be k(b). Let r = 24 - p. What is the units digit of r?
5
Suppose -z - 2*a - 1 = 0, -3 = 2*z - 5*z - 3*a. Let m(s) = 2*s - 2. Let j be m(z). Let u = j + 2. What is the units digit of u?
6
Suppose 0 = -3*y + 4*y - 10. Let p = y + -24. Let c(n) = -n**2 - 16*n - 9. What is the tens digit of c(p)?
1
Let g = 7 - 10. Let r(o) = -o**2 - 7*o - 3. Let z be r(g). What is the units digit of (-1)/(1 + z/(-6))?
2
What is the units digit of (2 - 2) + (12 + 2690 - -12)?
4
Suppose -2*z - 4*f - 58 = 0, 4*z - 2*f + 0*f + 146 = 0. Let o = z - -69. Suppose 0 = -5*u + 5*d + 105, -u - 3*d = -o + 1. What is the tens digit of u?
2
Let z(n) be the third derivative of -n**5/60 + 9*n**4/8 - 13*n**3/6 + 18*n**2. What is the units digit of z(21)?
3
Let f = -263 - -593. Suppose f = 5*g + 2*w + w, w + 5 = 0. What is the tens digit of g?
6
What is the units digit of (-2402)/4*(-7 + 13 + -8)?
1
What is the tens digit of 0 + 150/2 + 28/7?
7
Let m be (-1112)/18 + (-2)/9. Let h = -78 + -12. Let d = m - h. What is the tens digit of d?
2
Suppose -3*m = 4*x - 9749, -2*x + 4*m - 5*m = -4875. What is the thousands digit of x?
2
Suppose 1 = -2*s + 11. Suppose 5*n = 25 - s. What is the units digit of n?
4
Suppose 0 = -20*k + 21*k - 38. Suppose 0*d + 40 = -4*w - 4*d, 0 = -2*w - 4*d - 12. Let s = k + w. What is the tens digit of s?
2
Let k(h) = -h**2 + 12*h - 4. Suppose 0 = y + s - 7, 0 = -3*y + 3*s - 5*s + 19. Suppose 12 - 62 = -y*g. What is the units digit of k(g)?
6
Suppose 5*f - 385 = -5*l, -4*f = -2*l + 4*l - 314. What is the tens digit of f?
8
Suppose -2*v + 4*o - 28 = -o, -3*v + o = 68. Let g be (-47)/(-6) - 4/v. Let k(b) = b**2 - 3*b - 10. What is the tens digit of k(g)?
3
Suppose 4 - 1 = -m, -5*g - 5*m + 3355 = 0. What is the tens digit of g?
7
What is the tens digit of 20 - ((-6 + 6)*-1 + -1)?
2
Let n = 38 + -38. Suppose -111 = -5*i - u, -u = -2*i - n*i + 50. Suppose -4*b = -y - 153, y - 97 - i = -3*b. What is the tens digit of b?
3
Let t(h) = -150*h + 191. What is the hundreds digit of t(-14)?
2
Suppose -3*u + l + 19 = 0, l - 10 - 19 = -5*u. Suppose 0 = -t + 38 + u. What is the units digit of t?
4
Suppose -4*t - 18 = -5*d, 2*t - 4*t + 18 = 2*d. Suppose 5*n = d*n - 28. What is the units digit of n?
8
Let m = -14 - -15. Suppose m = -q, -4*q - 31 = s + q. Let x = s - -40. What is the t